
What is the value of 0 - 0 - (-2 - 3)?
5
Calculate -6 + -4 + 7 + 0.
-3
What is 12 - 7 - (10 - -2 - 0)?
-7
What is 0 + (2 - 1 - (-7 - -6))?
2
0 + 0 - (-2 - -5 - -1)
-4
What is the value of -4 + -2 + 6 - -5?
5
Calculate (-5 - -2) + 5 + (-1 - -4).
5
What is the value of -1 + (2 - 5) + 0 + -1?
-5
What is 2 - 2 - (9 + -7) - -2?
0
What is the value of (2 + 0 - -10) + 50 + -55?
7
Calculate (-6 + -2 - -5) + -2 + 0.
-5
What is -3 + (-5 - -8) - -5?
5
Evaluate (-10 - (-10 + 4)) + 4.
0
Calculate 1 - (4 - (-3 + 9 + 1)).
4
Evaluate -3 - (-1 - (0 + -3 + 4)).
-1
Evaluate -13 - (3 - (-10 + 22)).
-4
Calculate 9 - (9 - 1) - 6.
-5
Evaluate 1 + 3 + -17 - -4 - -6.
-3
What is 1 - 4 - ((2 - 2) + 2)?
-5
Calculate -8 + (1 - -9) - -2.
4
What is the value of -4 + 8 + 0 + -2?
2
Calculate -3 + (1 - 1) + (34 - 30).
1
Evaluate 10 - 0 - (-2 + 14).
-2
Evaluate (-7 - -11) + (7 - (8 - -1)).
2
Evaluate -2 - ((1 - -3) + -7).
1
What is -1 + (-3 - -3) + (10 - 2)?
7
-10 - (2 + -2 + -6)
-4
What is 5 - 2 - ((3 - 6) + 8)?
-2
Evaluate -1 + 3 + -7 + 7.
2
What is -7 + 0 + 7 + 1?
1
Calculate -6 + 1 - -6 - (5 + -1).
-3
Calculate (-1 - (0 + 3)) + (9 - 5).
0
Calculate 17 + -19 + (-1 - 0) + -2.
-5
Evaluate -3 - -11 - ((-7 - -2) + 9).
4
Evaluate ((2 - -3) + -5 - -6) + -5.
1
Calculate -1 + -3 - (1 + -3).
-2
Calculate (4 + 1 - 3) + -4.
-2
Calculate 1 + -3 - (3 - 1) - -3.
-1
Evaluate -10 - (-4 + 1 + -4).
-3
3 - (-5 + (0 - -2) - -3)
3
What is the value of -16 + -7 + 8 + 6?
-9
Calculate 0 + 1 + -3 - 2.
-4
What is -5 - (-3 + (8 + 1 - 2))?
-9
Calculate -2 + (-2 - (1 - 6)).
1
Calculate -1 + 3 - (-5 + 4).
3
Evaluate -7 + (10 - 3) + 2.
2
0 + 6 + -2 - (22 - 20)
2
Evaluate -4 + (2 - (0 + 2)).
-4
Evaluate (-1 + -1 - -6) + 0.
4
Evaluate 3 + -2 - (1 + 1).
-1
Evaluate 35 + -38 - (5 + -4 + 2).
-6
(2 - 3) + 0 + 0
-1
(1 - -3) + (3 + -14 - -5)
-2
What is 2 - (4 - (-5 - (-1 - 4)))?
-2
What is -4 + (2 - (3 - 4)) + 0?
-1
What is the value of 12 - (8 + -4 + 1 + 1)?
6
Evaluate (0 - -2) + (-3 - -4) + 6.
9
What is 1 + 6 + (-5 - 8)?
-6
What is 0 + 5 - (22 - 11)?
-6
-2 + 4 + -1 + 4 + -1
4
Calculate 5 + (-7 - -3) + (-3 - -3).
1
What is 11 - 21 - (2 + -5)?
-7
What is 7 + -3 + -4 - (1 + 1)?
-2
1 - (2 - (2 - -2)) - -1
4
Calculate (2 - 1) + 6 + -7 - 2.
-2
Evaluate (-4 - -1 - -1) + 0 + -3.
-5
What is -7 + -2 + 3 - -7?
1
What is the value of -17 - (1 - (-13 + 24))?
-7
2 + -5 - (-6 - -2)
1
Evaluate 1 - -1 - (3 + -5 - 2).
6
Calculate -4 + (2 - 3) - (32 + -33).
-4
What is -4 + (-2 - 7) + 17?
4
Evaluate -6 - ((0 - (-6 + 10)) + 0).
-2
Calculate (7 - 8) + (1 - 2).
-2
Evaluate -4 + -2 + (1 - 0).
-5
What is the value of -26 + 31 + (-1 - 4)?
0
What is the value of (-7 - -1) + 18 + -11?
1
Calculate -14 + -2 + 8 + 6 + 3.
1
Calculate -2 - (-3 - (-2 + 3 - 1)).
1
What is the value of 1 + 3 + -7 + 12 + -1?
8
Evaluate 2 + 5 + -18 + 5.
-6
What is the value of -1 + -1 + (3 - 0)?
1
Evaluate 1 - (-9 + (2 - -4) - 1).
5
What is the value of (-9 - (1 + -2)) + 4 + -1?
-5
What is -3 - (5 + (-6 - -10 - 10))?
-2
What is the value of -3 + 1 - 0 - -1?
-1
What is 13 + 3 + (-7 - 3)?
6
What is (18 - 17) + -1 + 3 + -1?
2
Calculate -11 + 11 + 2 - 0.
2
What is 0 - 2 - (-12 + 8 - 2)?
4
Evaluate -16 + (15 - 6) + 6.
-1
Calculate (3 - 10 - -5) + -2 + 4.
0
What is the value of (1 - 0) + (5 - -2 - 7)?
1
What is the value of (2 - 3 - 2) + 8?
5
Evaluate (-4 + 6 - 3) + 3.
2
Calculate 1 + (-2 - -3) + (-1 - -3).
4
What is the value of -1 + 0 + 3 + -8 + 3?
-3
What is 9 + (-12 - (-7 - 1))?
5
Evaluate 0 + (4 + 3 + -5 - 0).
2
What is the value of 9 + (-15 - 0) + 9?
3
Calculate (-4 - 2) + (0 - (1 - 0)).
-7
Calculate -3 - -5 - 1 - -4.
5
Evaluate 6 - (-1 - (-3 - 2)).
2
Calculate -7 + (29 - 17) + -2 + 2.
5
Calculate 8 + (5 - (-3 - -11)).
5
-8 - (-5 + 1) - -8
4
7 + (-9 - (-6 + 1 - -6))
-3
(-5 - 1 - 1) + (-1 - -1)
-7
What is 3 + 0 + 3 + 3 + -20?
-11
What is -6 + 1 + (-71 - -84)?
8
14 + 0 + (-20 - -17) + -1
10
Evaluate 7 - (7 - (1 - (1 + -3))).
3
What is -5 + (0 - -5) - (1 - -4)?
-5
Calculate -12 + -1 + -95 + 99.
-9
Evaluate 1 + -3 - (58 - 56).
-4
What is the value of (6 - 6) + 1 + -3?
-2
Evaluate 4 + -2 + (-3 - -4).
3
Evaluate -37 + 40 + 5 + 1.
9
What is the value of (-4 - -3) + (-2 - 0)?
-3
Calculate (20 - 10) + -12 - -2.
0
What is the value of (16 + -3 - 1) + -8?
4
What is the value of (4 - 2 - 9) + 3?
-4
-3 + 1 + 1 + 6
5
Evaluate 12 + (6 + -13 - 11).
-6
What is (5 - (-10 + 3)) + -3?
9
Evaluate -1 - (0 - 1) - (466 + -462).
-4
8 - 6 - (5 - 0)
-3
What is the value of -1 - ((-9 - -4) + 5)?
-1
What is the value of 2 + 8 - (14 + -6)?
2
What is the value of (-9 - 5) + 16 + (6 - 0)?
8
Evaluate -2 - -3 - (-2 - (2 + -7)).
-2
Calculate -3 - (1 + -6) - (2 + 0).
0
What is the value of 14 - 1 - (120 + -110)?
3
What is 0 - 21 - -13 - -3?
-5
What is the value of 13 - (-1 + 8 + 4)?
2
What is the value of (5 - 2) + (-19 - -20) - 5?
-1
-5 - -8 - (4 - -1)
-2
Calculate 2 + 1 + -6 + 3 + 9.
9
-4 + -4 + 7 + 0
-1
Evaluate -2 + -2 + 9 + 0.
5
Evaluate 2 + 0 + -6 + -1.
-5
Calculate 0 + 4 + -9 + 4.
-1
-2 - -3 - (-1 + 5 + -6)
3
What is the value of 7 - ((0 - 4) + 12) - -4?
3
What is (9 - (-2 - -4)) + -5 - 5?
-3
What is the value of (-8 - (0 + 1)) + -1 + 7?
-3
Calculate -11 + 1 + 4 - (-6 - -3).
-3
What is -1 + (-4 - 0) + 1 + 8?
4
Calculate 33 - 40 - (-11 + -1).
5
Calculate 5 + (3 - (4 - -2 - 0)).
2
Calculate -4 - (-1 + -2) - 4.
-5
Evaluate 8 + (-2 - (0 - 0)).
6
Calculate (9 + -19 - -17) + -6 + 1.
2
Evaluate 0 - (8 + (0 - 4 - -1)).
-5
Calculate (-9 + 3 - -5) + 3.
2
What is (-27 - -25) + (0 - -2)?
0
Calculate 3 + -2 + 3 + -2.
2
What is the value of 4 - 1 - (2 + 5 + -1)?
-3
Calculate -2 + 0 - 3 - -7.
2
What is the value of -5 + 2 + (1 - -2)?
0
What is 4 - (6 + (-3 - 1 - -1))?
1
What is the value of 5 + (6 - 10) - (0 + -2)?
3
What is -10 + (12 - 1) + (-4 - 2)?
-5
Evaluate (1 + -3 + 6 - 3) + 0.
1
Calculate 2 + -6 + 31 + -30.
-3
Calculate 2 + -10 - (-9 + 3).
-2
Calculate -11 + -13 + 8 + 12.
-4
What is -7 + 6 + (6 + -9 - 5)?
-9
What is 4 + -8 + 4 + -9?
-9
Evaluate (5 - (-6 + 17)) + 3.
-3
What is the value of 0 + (1 + 3 - 2)?
2
2 + 4 - 1 - (0 - -1)
4
178 - 167 - (-1 - -21)
-9
What is 0 + 2 + 5 + -6 - 3?
-2
-1 - (-4 - 0 - (34 + -35))
2
What is -2 + -1 + -10 + 12?
-1
-1 - (-5 + 6 - 5)
3
What is the value of -57 + 53 - (-8 + (3 - 3))?
4
Calculate 1 + 3 - (15 + -12).
1
Calculate (3 - (1 + -3)) + (-88 - -82).
-1
Evaluate -3 + (1 - 11) + 7.
-6
What is 2 + (-1 + -4 - (-1 + 0))?
-2
Evaluate 8 - 4 - (-4 + 10).
-2
Evaluate 7 + -1 + (-12 - -4).
-2
What is 0 + 1 + 44 + -51?
-6
-3 + (-2 - (-7 - -4))
-2
-3 - (5 + -3 + -8)
3
What is -4 - 1 - -5 - 5?
-5
Calculate (-5 + 7 - 5) + 10.
7
Evaluate -5 + 3 - -2 - (-6 + 2).
4
What is the value of -10 + 3 + (3 - 2)?
-6
-2 + 3 + (-5 - (-2 - 3))
1
What is -2 + (0 + 6 - (9 + -10))?
5
Evaluate (0 - (3 - -1)) + 6.
2
What is -2 - (-2 + 4 + -3 + 4)?
-5
4 + (9 - (-1 + 6)) + -1
7
Evaluate 4 - (0 + (2 - -2) + -5).
5
What is the value of 7 + -5 + (1 - -4) + -5?
2
What is the value of (-6 - -8 - -7) + -14?
-5
8 + (-1 - -2) + -4
5
What is 2 + (3 + (1 - 2) - -1)?
5
Evaluate (8 - 7 - 3) + -4.
-6
Evaluate 21 - 25 - (0 + -4).
0
What is the value of 3 - (4 + (-3 - (-4 + 5)))?
3
What is 2 - (9 + -3) - (1 + -3)?
-2
Evaluate 2 - (4 - 8) - (11 + 1).
-6
What is the value of 2 + 0 + -3 + 6 + -3?
2
What is 1 + 4 - (-9 - -10)?
4
What is the value of -8 + -1 + (-240 - -244)?
-5
-5 + (8 - (14 + -8)) - -6
3
What is 3 - (3 + (-1 - 1)) - 6?
-4
Evaluate (4 + -2 - 6) + 0.
-4
Calculate 5 - (5 - 3) - (11 + -4).
-4
-2 + (10 - (8 - 4) - 7)
-3
Calculate 7 - ((0 - 6) + 9).
4
What is the value of 9 + (-2 - -2) + -2 - 3?
4
Calculate 10 + -3 + 0 + -3.
4
-9 - (-9 - 0 - -6)
-6
What is (6 - -8) + (1 + -7 - 1)?
7
((4 - 1) + -1 - 3) + 7
6
What is the value of 1 + -4 - (6 - 4 - 6)?
1
Evaluate -14 + 20 - (0 + 3 - -1).
2
(-4 - (1 + 0)) + 3 - 1
-3
326 - 325 - (-6 - (-2 - -1))
6
What is -2 - (-11 + -6 + 8)?
7
Calculate (18 - 11) + (3 - 3 - 0).
7
Calculate -1 + 5 + (-12 - (12 + -15)).
-5
Evaluate 2 - (2 + 5 + -3 + -6).
4
What is the value of -3 + -1 + 0 + 7 + -2?
1
Calculate 8 + -1 + 2 + -6.
3
Evaluate (-8 + -1 - (-15 + 9)) + -1.
-4
What is -2 + 4 + (-3 - (-2 + 3))?
-2
What is (8 + 5 - 5) + -6?
2
Calculate -2 + (0 - -2 - 0 - -2).
2
What is 17 - ((-13 - -6) + 21)?
3
What is 0 - (-2 + 8) - (8 - 9)?
-5
What is the value of -3 + 1 + (10 - 8)?
0
